{"id":2076,"date":"2025-11-14T14:53:46","date_gmt":"2025-11-14T13:53:46","guid":{"rendered":"https:\/\/herbolariodecorea.es\/index.php\/producto\/carbonato-magnesio-polvo-150g-soria-natural\/"},"modified":"2026-03-09T13:56:26","modified_gmt":"2026-03-09T12:56:26","slug":"carbonato-magnesio-polvo-150g-soria-natural","status":"publish","type":"product","link":"https:\/\/herbolariodecorea.es\/index.php\/producto\/carbonato-magnesio-polvo-150g-soria-natural\/","title":{"rendered":"CARBONATO MAGNESIO POLVO 150G SORIA NATURAL"},"content":{"rendered":"<p>Ayuda a regular el tr\u00e1nsito intestinal. Complemento alimenticio que, adem\u00e1s de aportar magnesio a nuestro organismo, ayuda a solventar y regular problemas relacionados con el tr\u00e1nsito intestinal. Puede contribuir a aliviar la acidez.<\/p>\n","protected":false},"excerpt":{"rendered":"<p>Ayuda a regular el tr\u00e1nsito intestinal. Complemento alimenticio que, adem\u00e1s de aportar magnesio a nuestro organismo, ayuda a solventar y regular problemas relacionados con el tr\u00e1nsito intestinal. Puede contribuir a aliviar la acidez.<\/p>\n","protected":false},"featured_media":2179,"comment_status":"open","ping_status":"closed","template":"","meta":{"_et_pb_use_builder":"","_et_pb_old_content":"","_et_gb_content_width":""},"product_brand":[],"product_cat":[17],"product_tag":[],"class_list":{"0":"post-2076","1":"product","2":"type-product","3":"status-publish","4":"has-post-thumbnail","6":"product_cat-sin-categorizar","8":"first","9":"outofstock","10":"shipping-taxable","11":"purchasable","12":"product-type-simple"},"aioseo_notices":[],"_links":{"self":[{"href":"https:\/\/herbolariodecorea.es\/index.php\/wp-json\/wp\/v2\/product\/2076","targetHints":{"allow":["GET"]}}],"collection":[{"href":"https:\/\/herbolariodecorea.es\/index.php\/wp-json\/wp\/v2\/product"}],"about":[{"href":"https:\/\/herbolariodecorea.es\/index.php\/wp-json\/wp\/v2\/types\/product"}],"replies":[{"embeddable":true,"href":"https:\/\/herbolariodecorea.es\/index.php\/wp-json\/wp\/v2\/comments?post=2076"}],"wp:featuredmedia":[{"embeddable":true,"href":"https:\/\/herbolariodecorea.es\/index.php\/wp-json\/wp\/v2\/media\/2179"}],"wp:attachment":[{"href":"https:\/\/herbolariodecorea.es\/index.php\/wp-json\/wp\/v2\/media?parent=2076"}],"wp:term":[{"taxonomy":"product_brand","embeddable":true,"href":"https:\/\/herbolariodecorea.es\/index.php\/wp-json\/wp\/v2\/product_brand?post=2076"},{"taxonomy":"product_cat","embeddable":true,"href":"https:\/\/herbolariodecorea.es\/index.php\/wp-json\/wp\/v2\/product_cat?post=2076"},{"taxonomy":"product_tag","embeddable":true,"href":"https:\/\/herbolariodecorea.es\/index.php\/wp-json\/wp\/v2\/product_tag?post=2076"}],"curies":[{"name":"wp","href":"https:\/\/api.w.org\/{rel}","templated":true}]}}