{"id":2079,"date":"2025-11-14T14:53:47","date_gmt":"2025-11-14T13:53:47","guid":{"rendered":"https:\/\/herbolariodecorea.es\/index.php\/producto\/cepillo-dental-suave-bambu-eco-gang\/"},"modified":"2025-11-14T15:09:22","modified_gmt":"2025-11-14T14:09:22","slug":"cepillo-dental-suave-bambu-eco-gang","status":"publish","type":"product","link":"https:\/\/herbolariodecorea.es\/index.php\/producto\/cepillo-dental-suave-bambu-eco-gang\/","title":{"rendered":"CEPILLO DENTAL SUAVE BAMB\u00da ECO GANG"},"content":{"rendered":"<p>Para algunos, el bamb\u00fa no es suficiente. Por eso buscamos la siguiente mejor alternativa. El cepillo de dientes de biopl\u00e1stico de the Eco Gang tiene un mango fabricado con una mezcla de almid\u00f3n de trigo y PP. Las cerdas suaves son de nylon-6 de alta calidad. Color variado. El envase es ecol\u00f3gico, la caja y el envoltorio interior est\u00e1n hechos de materiales reciclables y se pueden tirar con la basura org\u00e1nica. Nos tomamos la calidad tan en serio como la sostenibilidad. MATERIALES: Mango de biopl\u00e1stico y cerdas suaves de nylon-6. Dureza: suave. Color: variado<\/p>\n","protected":false},"excerpt":{"rendered":"<p>Para algunos, el bamb\u00fa no es suficiente. Por eso buscamos la siguiente mejor alternativa. El cepillo de dientes de biopl\u00e1stico de the Eco Gang tiene un mango fabricado con una mezcla de almid\u00f3n de trigo y PP. Las cerdas suaves son de nylon-6 de alta calidad. Color variado. El envase es ecol\u00f3gico, la caja y el envoltorio interior est\u00e1n hechos de materiales reciclables y se pueden tirar con la basura org\u00e1nica. Nos tomamos la calidad tan en serio como la sostenibilidad. MATERIALES: Mango de biopl\u00e1stico y cerdas suaves de nylon-6. Dureza: suave. Color: variado<\/p>\n","protected":false},"featured_media":2182,"comment_status":"open","ping_status":"closed","template":"","meta":{"_et_pb_use_builder":"","_et_pb_old_content":"","_et_gb_content_width":""},"product_brand":[],"product_cat":[17],"product_tag":[],"class_list":{"0":"post-2079","1":"product","2":"type-product","3":"status-publish","4":"has-post-thumbnail","6":"product_cat-sin-categorizar","8":"first","9":"instock","10":"shipping-taxable","11":"purchasable","12":"product-type-simple"},"aioseo_notices":[],"_links":{"self":[{"href":"https:\/\/herbolariodecorea.es\/index.php\/wp-json\/wp\/v2\/product\/2079","targetHints":{"allow":["GET"]}}],"collection":[{"href":"https:\/\/herbolariodecorea.es\/index.php\/wp-json\/wp\/v2\/product"}],"about":[{"href":"https:\/\/herbolariodecorea.es\/index.php\/wp-json\/wp\/v2\/types\/product"}],"replies":[{"embeddable":true,"href":"https:\/\/herbolariodecorea.es\/index.php\/wp-json\/wp\/v2\/comments?post=2079"}],"wp:featuredmedia":[{"embeddable":true,"href":"https:\/\/herbolariodecorea.es\/index.php\/wp-json\/wp\/v2\/media\/2182"}],"wp:attachment":[{"href":"https:\/\/herbolariodecorea.es\/index.php\/wp-json\/wp\/v2\/media?parent=2079"}],"wp:term":[{"taxonomy":"product_brand","embeddable":true,"href":"https:\/\/herbolariodecorea.es\/index.php\/wp-json\/wp\/v2\/product_brand?post=2079"},{"taxonomy":"product_cat","embeddable":true,"href":"https:\/\/herbolariodecorea.es\/index.php\/wp-json\/wp\/v2\/product_cat?post=2079"},{"taxonomy":"product_tag","embeddable":true,"href":"https:\/\/herbolariodecorea.es\/index.php\/wp-json\/wp\/v2\/product_tag?post=2079"}],"curies":[{"name":"wp","href":"https:\/\/api.w.org\/{rel}","templated":true}]}}