{"id":2087,"date":"2025-11-14T14:53:48","date_gmt":"2025-11-14T13:53:48","guid":{"rendered":"https:\/\/herbolariodecorea.es\/index.php\/producto\/colon-cleanse-lax-flor-30-caps-esi\/"},"modified":"2025-11-18T17:45:34","modified_gmt":"2025-11-18T16:45:34","slug":"colon-cleanse-lax-flor-30-caps-esi","status":"publish","type":"product","link":"https:\/\/herbolariodecorea.es\/index.php\/producto\/colon-cleanse-lax-flor-30-caps-esi\/","title":{"rendered":"COLON CLEANSE LAX FLOR 30 CAPS ESI"},"content":{"rendered":"<p>Colon Cleanse Lax Flor 30 C\u00e1psulas\u00a0es un suplemento diet\u00e9tico de avanzada formulaci\u00f3n, dise\u00f1ado para brindar apoyo a la salud digestiva de manera natural. Elaborado con\u00a0ingredientes de origen vegetal,\u00a0prebi\u00f3ticos\u00a0y\u00a0vitaminas, este producto se enfoca en favorecer un tr\u00e1nsito intestinal saludable. Su combinaci\u00f3n \u00fanica de componentes ayuda a regularizar la funci\u00f3n digestiva, contribuyendo a aliviar situaciones de estre\u00f1imiento y a mantener el bienestar general del sistema gastrointestinal.<\/p>\n","protected":false},"excerpt":{"rendered":"<p>Colon Cleanse Lax Flor 30 C\u00e1psulas\u00a0es un suplemento diet\u00e9tico de avanzada formulaci\u00f3n, dise\u00f1ado para brindar apoyo a la salud digestiva de manera natural. Elaborado con\u00a0ingredientes de origen vegetal,\u00a0prebi\u00f3ticos\u00a0y\u00a0vitaminas, este producto se enfoca en favorecer un tr\u00e1nsito intestinal saludable. Su combinaci\u00f3n \u00fanica de componentes ayuda a regularizar la funci\u00f3n digestiva, contribuyendo a aliviar situaciones de estre\u00f1imiento y a mantener el bienestar general del sistema gastrointestinal.<\/p>\n","protected":false},"featured_media":2192,"comment_status":"open","ping_status":"closed","template":"","meta":{"_et_pb_use_builder":"","_et_pb_old_content":"","_et_gb_content_width":""},"product_brand":[],"product_cat":[17],"product_tag":[],"class_list":{"0":"post-2087","1":"product","2":"type-product","3":"status-publish","4":"has-post-thumbnail","6":"product_cat-sin-categorizar","8":"first","9":"instock","10":"shipping-taxable","11":"purchasable","12":"product-type-simple"},"aioseo_notices":[],"_links":{"self":[{"href":"https:\/\/herbolariodecorea.es\/index.php\/wp-json\/wp\/v2\/product\/2087","targetHints":{"allow":["GET"]}}],"collection":[{"href":"https:\/\/herbolariodecorea.es\/index.php\/wp-json\/wp\/v2\/product"}],"about":[{"href":"https:\/\/herbolariodecorea.es\/index.php\/wp-json\/wp\/v2\/types\/product"}],"replies":[{"embeddable":true,"href":"https:\/\/herbolariodecorea.es\/index.php\/wp-json\/wp\/v2\/comments?post=2087"}],"wp:featuredmedia":[{"embeddable":true,"href":"https:\/\/herbolariodecorea.es\/index.php\/wp-json\/wp\/v2\/media\/2192"}],"wp:attachment":[{"href":"https:\/\/herbolariodecorea.es\/index.php\/wp-json\/wp\/v2\/media?parent=2087"}],"wp:term":[{"taxonomy":"product_brand","embeddable":true,"href":"https:\/\/herbolariodecorea.es\/index.php\/wp-json\/wp\/v2\/product_brand?post=2087"},{"taxonomy":"product_cat","embeddable":true,"href":"https:\/\/herbolariodecorea.es\/index.php\/wp-json\/wp\/v2\/product_cat?post=2087"},{"taxonomy":"product_tag","embeddable":true,"href":"https:\/\/herbolariodecorea.es\/index.php\/wp-json\/wp\/v2\/product_tag?post=2087"}],"curies":[{"name":"wp","href":"https:\/\/api.w.org\/{rel}","templated":true}]}}