{"id":2089,"date":"2025-11-14T14:53:49","date_gmt":"2025-11-14T13:53:49","guid":{"rendered":"https:\/\/herbolariodecorea.es\/index.php\/producto\/colageno-forte-curcuma-300-g-integralia\/"},"modified":"2026-03-09T13:54:49","modified_gmt":"2026-03-09T12:54:49","slug":"colageno-forte-curcuma-300-g-integralia","status":"publish","type":"product","link":"https:\/\/herbolariodecorea.es\/index.php\/producto\/colageno-forte-curcuma-300-g-integralia\/","title":{"rendered":"COL\u00c1GENO FORTE C\u00daRCUMA 300 G INTEGRALIA"},"content":{"rendered":"<p>El Col\u00e1geno Soluble Forte C\u00farcuma de Integralia\u00a0es un complemento alimenticio dise\u00f1ado para el bienestar de huesos, articulaciones y piel.\u00a0Sus ingredientes principales son col\u00e1geno hidrolizado, glucosamina, condroitina y un extracto de c\u00farcuma, junto con otros componentes como magnesio, zinc y \u00e1cido hialur\u00f3nico.\u00a0Este producto se recomienda para fortalecer el tejido conectivo, ayudar con la movilidad y aliviar el dolor articular, gracias a las propiedades antiinflamatorias de la c\u00farcuma.<\/p>\n","protected":false},"excerpt":{"rendered":"<p>El Col\u00e1geno Soluble Forte C\u00farcuma de Integralia\u00a0es un complemento alimenticio dise\u00f1ado para el bienestar de huesos, articulaciones y piel.\u00a0Sus ingredientes principales son col\u00e1geno hidrolizado, glucosamina, condroitina y un extracto de c\u00farcuma, junto con otros componentes como magnesio, zinc y \u00e1cido hialur\u00f3nico.\u00a0Este producto se recomienda para fortalecer el tejido conectivo, ayudar con la movilidad y aliviar el dolor articular, gracias a las propiedades antiinflamatorias de la c\u00farcuma.<\/p>\n","protected":false},"featured_media":2196,"comment_status":"open","ping_status":"closed","template":"","meta":{"_et_pb_use_builder":"","_et_pb_old_content":"","_et_gb_content_width":""},"product_brand":[],"product_cat":[17],"product_tag":[],"class_list":{"0":"post-2089","1":"product","2":"type-product","3":"status-publish","4":"has-post-thumbnail","6":"product_cat-sin-categorizar","8":"first","9":"outofstock","10":"shipping-taxable","11":"purchasable","12":"product-type-simple"},"aioseo_notices":[],"_links":{"self":[{"href":"https:\/\/herbolariodecorea.es\/index.php\/wp-json\/wp\/v2\/product\/2089","targetHints":{"allow":["GET"]}}],"collection":[{"href":"https:\/\/herbolariodecorea.es\/index.php\/wp-json\/wp\/v2\/product"}],"about":[{"href":"https:\/\/herbolariodecorea.es\/index.php\/wp-json\/wp\/v2\/types\/product"}],"replies":[{"embeddable":true,"href":"https:\/\/herbolariodecorea.es\/index.php\/wp-json\/wp\/v2\/comments?post=2089"}],"wp:featuredmedia":[{"embeddable":true,"href":"https:\/\/herbolariodecorea.es\/index.php\/wp-json\/wp\/v2\/media\/2196"}],"wp:attachment":[{"href":"https:\/\/herbolariodecorea.es\/index.php\/wp-json\/wp\/v2\/media?parent=2089"}],"wp:term":[{"taxonomy":"product_brand","embeddable":true,"href":"https:\/\/herbolariodecorea.es\/index.php\/wp-json\/wp\/v2\/product_brand?post=2089"},{"taxonomy":"product_cat","embeddable":true,"href":"https:\/\/herbolariodecorea.es\/index.php\/wp-json\/wp\/v2\/product_cat?post=2089"},{"taxonomy":"product_tag","embeddable":true,"href":"https:\/\/herbolariodecorea.es\/index.php\/wp-json\/wp\/v2\/product_tag?post=2089"}],"curies":[{"name":"wp","href":"https:\/\/api.w.org\/{rel}","templated":true}]}}