{"id":2093,"date":"2025-11-14T14:53:49","date_gmt":"2025-11-14T13:53:49","guid":{"rendered":"https:\/\/herbolariodecorea.es\/index.php\/producto\/cranberry-cyst-30-tabl-esi\/"},"modified":"2026-03-09T14:01:08","modified_gmt":"2026-03-09T13:01:08","slug":"cranberry-cyst-30-tabl-esi","status":"publish","type":"product","link":"https:\/\/herbolariodecorea.es\/index.php\/producto\/cranberry-cyst-30-tabl-esi\/","title":{"rendered":"CRANBERRY CYST 30 TABL. ESI"},"content":{"rendered":"<p>Cranberry Cyst de Trepatdiet Esi\u00a0es un complemento alimenticio a base de extracto titulado de ar\u00e1ndano, Ortosif\u00f3n, Gayuba, Vara de oro y semillas de Pomelo. Los extractos de ar\u00e1ndano y Ortosif\u00f3n favorecen el funcionamiento de las v\u00edas urinarias y el drenaje de los l\u00edquidos corporales. Los extractos de Gayuba y Vara de oro promueven el funcionamiento de las v\u00edas urinarias y las defensas del organismo contra los agentes externos. Las semillas de Pomelo son \u00fatiles para el drenaje de l\u00edquidos corporales.<\/p>\n","protected":false},"excerpt":{"rendered":"<p>Cranberry Cyst de Trepatdiet Esi\u00a0es un complemento alimenticio a base de extracto titulado de ar\u00e1ndano, Ortosif\u00f3n, Gayuba, Vara de oro y semillas de Pomelo. Los extractos de ar\u00e1ndano y Ortosif\u00f3n favorecen el funcionamiento de las v\u00edas urinarias y el drenaje de los l\u00edquidos corporales. Los extractos de Gayuba y Vara de oro promueven el funcionamiento de las v\u00edas urinarias y las defensas del organismo contra los agentes externos. Las semillas de Pomelo son \u00fatiles para el drenaje de l\u00edquidos corporales.<\/p>\n","protected":false},"featured_media":2201,"comment_status":"open","ping_status":"closed","template":"","meta":{"_et_pb_use_builder":"","_et_pb_old_content":"","_et_gb_content_width":""},"product_brand":[],"product_cat":[17],"product_tag":[],"class_list":{"0":"post-2093","1":"product","2":"type-product","3":"status-publish","4":"has-post-thumbnail","6":"product_cat-sin-categorizar","8":"first","9":"instock","10":"sale","11":"shipping-taxable","12":"purchasable","13":"product-type-simple"},"aioseo_notices":[],"_links":{"self":[{"href":"https:\/\/herbolariodecorea.es\/index.php\/wp-json\/wp\/v2\/product\/2093","targetHints":{"allow":["GET"]}}],"collection":[{"href":"https:\/\/herbolariodecorea.es\/index.php\/wp-json\/wp\/v2\/product"}],"about":[{"href":"https:\/\/herbolariodecorea.es\/index.php\/wp-json\/wp\/v2\/types\/product"}],"replies":[{"embeddable":true,"href":"https:\/\/herbolariodecorea.es\/index.php\/wp-json\/wp\/v2\/comments?post=2093"}],"wp:featuredmedia":[{"embeddable":true,"href":"https:\/\/herbolariodecorea.es\/index.php\/wp-json\/wp\/v2\/media\/2201"}],"wp:attachment":[{"href":"https:\/\/herbolariodecorea.es\/index.php\/wp-json\/wp\/v2\/media?parent=2093"}],"wp:term":[{"taxonomy":"product_brand","embeddable":true,"href":"https:\/\/herbolariodecorea.es\/index.php\/wp-json\/wp\/v2\/product_brand?post=2093"},{"taxonomy":"product_cat","embeddable":true,"href":"https:\/\/herbolariodecorea.es\/index.php\/wp-json\/wp\/v2\/product_cat?post=2093"},{"taxonomy":"product_tag","embeddable":true,"href":"https:\/\/herbolariodecorea.es\/index.php\/wp-json\/wp\/v2\/product_tag?post=2093"}],"curies":[{"name":"wp","href":"https:\/\/api.w.org\/{rel}","templated":true}]}}