{"id":2103,"date":"2025-11-14T14:53:52","date_gmt":"2025-11-14T13:53:52","guid":{"rendered":"https:\/\/herbolariodecorea.es\/index.php\/producto\/epatik-funcion-hepatica-250ml-drasanvi\/"},"modified":"2025-11-18T17:52:45","modified_gmt":"2025-11-18T16:52:45","slug":"epatik-funcion-hepatica-250ml-drasanvi","status":"publish","type":"product","link":"https:\/\/herbolariodecorea.es\/index.php\/producto\/epatik-funcion-hepatica-250ml-drasanvi\/","title":{"rendered":"EPATIK FUNCI\u00d3N HEP\u00c1TICA 250ML DRASANVI"},"content":{"rendered":"<p>Contribuye a mantener la funci\u00f3n hep\u00e1tica normal. Epatik jarabe es un complemento alimenticio que, gracias a su aporte en Colina, contribuye a mantener la funci\u00f3n hep\u00e1tica normal. Adem\u00e1s de la Colina, incorporamos 10 ingredientes m\u00e1s: Boldo, Alcachofa, Zarzaparrilla, Diente de Le\u00f3n, Bardana e ingredientes tan conocidos como el Desmodium y el Cardo Mariano.<\/p>\n","protected":false},"excerpt":{"rendered":"<p>Contribuye a mantener la funci\u00f3n hep\u00e1tica normal. Epatik jarabe es un complemento alimenticio que, gracias a su aporte en Colina, contribuye a mantener la funci\u00f3n hep\u00e1tica normal. Adem\u00e1s de la Colina, incorporamos 10 ingredientes m\u00e1s: Boldo, Alcachofa, Zarzaparrilla, Diente de Le\u00f3n, Bardana e ingredientes tan conocidos como el Desmodium y el Cardo Mariano.<\/p>\n","protected":false},"featured_media":2211,"comment_status":"open","ping_status":"closed","template":"","meta":{"_et_pb_use_builder":"","_et_pb_old_content":"","_et_gb_content_width":""},"product_brand":[],"product_cat":[17],"product_tag":[],"class_list":{"0":"post-2103","1":"product","2":"type-product","3":"status-publish","4":"has-post-thumbnail","6":"product_cat-sin-categorizar","8":"first","9":"instock","10":"shipping-taxable","11":"purchasable","12":"product-type-simple"},"aioseo_notices":[],"_links":{"self":[{"href":"https:\/\/herbolariodecorea.es\/index.php\/wp-json\/wp\/v2\/product\/2103","targetHints":{"allow":["GET"]}}],"collection":[{"href":"https:\/\/herbolariodecorea.es\/index.php\/wp-json\/wp\/v2\/product"}],"about":[{"href":"https:\/\/herbolariodecorea.es\/index.php\/wp-json\/wp\/v2\/types\/product"}],"replies":[{"embeddable":true,"href":"https:\/\/herbolariodecorea.es\/index.php\/wp-json\/wp\/v2\/comments?post=2103"}],"wp:featuredmedia":[{"embeddable":true,"href":"https:\/\/herbolariodecorea.es\/index.php\/wp-json\/wp\/v2\/media\/2211"}],"wp:attachment":[{"href":"https:\/\/herbolariodecorea.es\/index.php\/wp-json\/wp\/v2\/media?parent=2103"}],"wp:term":[{"taxonomy":"product_brand","embeddable":true,"href":"https:\/\/herbolariodecorea.es\/index.php\/wp-json\/wp\/v2\/product_brand?post=2103"},{"taxonomy":"product_cat","embeddable":true,"href":"https:\/\/herbolariodecorea.es\/index.php\/wp-json\/wp\/v2\/product_cat?post=2103"},{"taxonomy":"product_tag","embeddable":true,"href":"https:\/\/herbolariodecorea.es\/index.php\/wp-json\/wp\/v2\/product_tag?post=2103"}],"curies":[{"name":"wp","href":"https:\/\/api.w.org\/{rel}","templated":true}]}}