{"id":2107,"date":"2025-11-14T14:53:53","date_gmt":"2025-11-14T13:53:53","guid":{"rendered":"https:\/\/herbolariodecorea.es\/index.php\/producto\/erbaven-ret-30-caps-esi\/"},"modified":"2025-11-18T17:54:57","modified_gmt":"2025-11-18T16:54:57","slug":"erbaven-ret-30-caps-esi","status":"publish","type":"product","link":"https:\/\/herbolariodecorea.es\/index.php\/producto\/erbaven-ret-30-caps-esi\/","title":{"rendered":"ERBAVEN RET 30 C\u00c1PS. ESI"},"content":{"rendered":"<p>Erbaven Retard\u00a0es un complemento alimenticio que estimula la circulaci\u00f3n sangu\u00ednea y linf\u00e1tica, aliviando el cansancio de las piernas hinchadas o pesadas. Elaborado con Rutina, Vid roja y Rusco.<\/p>\n<p>Favorece la eliminaci\u00f3n de l\u00edquidos acumulados, la microcirculaci\u00f3n y protege los vasos sangu\u00edneos.<\/p>\n<p>Su formulaci\u00f3n Retard permite la disgregaci\u00f3n gradual de las tabletas en el tracto gastrointestinal.<\/p>\n","protected":false},"excerpt":{"rendered":"<p>Erbaven Retard\u00a0es un complemento alimenticio que estimula la circulaci\u00f3n sangu\u00ednea y linf\u00e1tica, aliviando el cansancio de las piernas hinchadas o pesadas. Elaborado con Rutina, Vid roja y Rusco.<\/p>\n","protected":false},"featured_media":2215,"comment_status":"open","ping_status":"closed","template":"","meta":{"_et_pb_use_builder":"","_et_pb_old_content":"","_et_gb_content_width":""},"product_brand":[],"product_cat":[17],"product_tag":[],"class_list":{"0":"post-2107","1":"product","2":"type-product","3":"status-publish","4":"has-post-thumbnail","6":"product_cat-sin-categorizar","8":"first","9":"instock","10":"shipping-taxable","11":"purchasable","12":"product-type-simple"},"aioseo_notices":[],"_links":{"self":[{"href":"https:\/\/herbolariodecorea.es\/index.php\/wp-json\/wp\/v2\/product\/2107","targetHints":{"allow":["GET"]}}],"collection":[{"href":"https:\/\/herbolariodecorea.es\/index.php\/wp-json\/wp\/v2\/product"}],"about":[{"href":"https:\/\/herbolariodecorea.es\/index.php\/wp-json\/wp\/v2\/types\/product"}],"replies":[{"embeddable":true,"href":"https:\/\/herbolariodecorea.es\/index.php\/wp-json\/wp\/v2\/comments?post=2107"}],"wp:featuredmedia":[{"embeddable":true,"href":"https:\/\/herbolariodecorea.es\/index.php\/wp-json\/wp\/v2\/media\/2215"}],"wp:attachment":[{"href":"https:\/\/herbolariodecorea.es\/index.php\/wp-json\/wp\/v2\/media?parent=2107"}],"wp:term":[{"taxonomy":"product_brand","embeddable":true,"href":"https:\/\/herbolariodecorea.es\/index.php\/wp-json\/wp\/v2\/product_brand?post=2107"},{"taxonomy":"product_cat","embeddable":true,"href":"https:\/\/herbolariodecorea.es\/index.php\/wp-json\/wp\/v2\/product_cat?post=2107"},{"taxonomy":"product_tag","embeddable":true,"href":"https:\/\/herbolariodecorea.es\/index.php\/wp-json\/wp\/v2\/product_tag?post=2107"}],"curies":[{"name":"wp","href":"https:\/\/api.w.org\/{rel}","templated":true}]}}