{"id":2128,"date":"2025-11-14T14:53:58","date_gmt":"2025-11-14T13:53:58","guid":{"rendered":"https:\/\/herbolariodecorea.es\/index.php\/producto\/magnesiopotasio-14-comps-eferv-eladiet\/"},"modified":"2026-03-09T13:42:42","modified_gmt":"2026-03-09T12:42:42","slug":"magnesiopotasio-14-comps-eferv-eladiet","status":"publish","type":"product","link":"https:\/\/herbolariodecorea.es\/index.php\/producto\/magnesiopotasio-14-comps-eferv-eladiet\/","title":{"rendered":"MAGNESIO+POTASIO 14 COMPS EFERV ELADIET"},"content":{"rendered":"<p>Complemento alimenticio contribuye a reducir el cansancio y la fatiga, al equilibrio electr\u00f3l\u00edtico, al normal metabolismo energ\u00e9tico, al normal funcionamiento del sistema nervioso y a la normal funci\u00f3n muscular. El potasio contribuye al normal funcionamiento del sistema nervioso y a la normal funci\u00f3n muscular. La vitamina B2 contribuye al normal funcionamiento del sistema nervioso y al normal metabolismo energ\u00e9tico.<\/p>\n","protected":false},"excerpt":{"rendered":"<p>Complemento alimenticio contribuye a reducir el cansancio y la fatiga, al equilibrio electr\u00f3l\u00edtico, al normal metabolismo energ\u00e9tico, al normal funcionamiento del sistema nervioso y a la normal funci\u00f3n muscular. El potasio contribuye al normal funcionamiento del sistema nervioso y a la normal funci\u00f3n muscular. La vitamina B2 contribuye al normal funcionamiento del sistema nervioso y al normal metabolismo energ\u00e9tico.<\/p>\n","protected":false},"featured_media":2237,"comment_status":"open","ping_status":"closed","template":"","meta":{"_et_pb_use_builder":"","_et_pb_old_content":"","_et_gb_content_width":""},"product_brand":[],"product_cat":[17],"product_tag":[],"class_list":{"0":"post-2128","1":"product","2":"type-product","3":"status-publish","4":"has-post-thumbnail","6":"product_cat-sin-categorizar","8":"first","9":"outofstock","10":"shipping-taxable","11":"purchasable","12":"product-type-simple"},"aioseo_notices":[],"_links":{"self":[{"href":"https:\/\/herbolariodecorea.es\/index.php\/wp-json\/wp\/v2\/product\/2128","targetHints":{"allow":["GET"]}}],"collection":[{"href":"https:\/\/herbolariodecorea.es\/index.php\/wp-json\/wp\/v2\/product"}],"about":[{"href":"https:\/\/herbolariodecorea.es\/index.php\/wp-json\/wp\/v2\/types\/product"}],"replies":[{"embeddable":true,"href":"https:\/\/herbolariodecorea.es\/index.php\/wp-json\/wp\/v2\/comments?post=2128"}],"wp:featuredmedia":[{"embeddable":true,"href":"https:\/\/herbolariodecorea.es\/index.php\/wp-json\/wp\/v2\/media\/2237"}],"wp:attachment":[{"href":"https:\/\/herbolariodecorea.es\/index.php\/wp-json\/wp\/v2\/media?parent=2128"}],"wp:term":[{"taxonomy":"product_brand","embeddable":true,"href":"https:\/\/herbolariodecorea.es\/index.php\/wp-json\/wp\/v2\/product_brand?post=2128"},{"taxonomy":"product_cat","embeddable":true,"href":"https:\/\/herbolariodecorea.es\/index.php\/wp-json\/wp\/v2\/product_cat?post=2128"},{"taxonomy":"product_tag","embeddable":true,"href":"https:\/\/herbolariodecorea.es\/index.php\/wp-json\/wp\/v2\/product_tag?post=2128"}],"curies":[{"name":"wp","href":"https:\/\/api.w.org\/{rel}","templated":true}]}}