{"id":2132,"date":"2025-11-14T14:53:59","date_gmt":"2025-11-14T13:53:59","guid":{"rendered":"https:\/\/herbolariodecorea.es\/index.php\/producto\/magnesium-citrate-90-caps-solaray\/"},"modified":"2026-03-09T13:42:15","modified_gmt":"2026-03-09T12:42:15","slug":"magnesium-citrate-90-caps-solaray","status":"publish","type":"product","link":"https:\/\/herbolariodecorea.es\/index.php\/producto\/magnesium-citrate-90-caps-solaray\/","title":{"rendered":"MAGNESIUM CITRATE 90 C\u00c1PS SOLARAY"},"content":{"rendered":"<p>El magnesio es un mineral que se encuentra principalmente en los m\u00fasculos y los huesos ayudando a mantenerlos en buen estado y participa en la conducci\u00f3n del impulso nervioso, en la contracci\u00f3n muscular, en la producci\u00f3n de energ\u00eda del m\u00fasculo, etc. Ayuda al adecuado funcionamiento del sistema nervioso y est\u00e1 recomendado como protector cardiovascular, para casos de estr\u00e9s o contractura muscular, etc. La uni\u00f3n del magnesio al citrato, permite una muy buena absorci\u00f3n del mineral. El citrato tiene una acci\u00f3n alcalinizante del medio y es una sal que permite una absorci\u00f3n superior del mineral respecto a presentaciones cl\u00e1sicas como puede ser el \u00f3xido de magnesio.<\/p>\n","protected":false},"excerpt":{"rendered":"<p>El magnesio es un mineral que se encuentra principalmente en los m\u00fasculos y los huesos ayudando a mantenerlos en buen estado y participa en la conducci\u00f3n del impulso nervioso, en la contracci\u00f3n muscular, en la producci\u00f3n de energ\u00eda del m\u00fasculo, etc. Ayuda al adecuado funcionamiento del sistema nervioso y est\u00e1 recomendado como protector cardiovascular, para casos de estr\u00e9s o contractura muscular, etc. La uni\u00f3n del magnesio al citrato, permite una muy buena absorci\u00f3n del mineral. El citrato tiene una acci\u00f3n alcalinizante del medio y es una sal que permite una absorci\u00f3n superior del mineral respecto a presentaciones cl\u00e1sicas como puede ser el \u00f3xido de magnesio.<\/p>\n","protected":false},"featured_media":2241,"comment_status":"open","ping_status":"closed","template":"","meta":{"_et_pb_use_builder":"","_et_pb_old_content":"","_et_gb_content_width":""},"product_brand":[],"product_cat":[17],"product_tag":[],"class_list":{"0":"post-2132","1":"product","2":"type-product","3":"status-publish","4":"has-post-thumbnail","6":"product_cat-sin-categorizar","8":"first","9":"outofstock","10":"shipping-taxable","11":"purchasable","12":"product-type-simple"},"aioseo_notices":[],"_links":{"self":[{"href":"https:\/\/herbolariodecorea.es\/index.php\/wp-json\/wp\/v2\/product\/2132","targetHints":{"allow":["GET"]}}],"collection":[{"href":"https:\/\/herbolariodecorea.es\/index.php\/wp-json\/wp\/v2\/product"}],"about":[{"href":"https:\/\/herbolariodecorea.es\/index.php\/wp-json\/wp\/v2\/types\/product"}],"replies":[{"embeddable":true,"href":"https:\/\/herbolariodecorea.es\/index.php\/wp-json\/wp\/v2\/comments?post=2132"}],"wp:featuredmedia":[{"embeddable":true,"href":"https:\/\/herbolariodecorea.es\/index.php\/wp-json\/wp\/v2\/media\/2241"}],"wp:attachment":[{"href":"https:\/\/herbolariodecorea.es\/index.php\/wp-json\/wp\/v2\/media?parent=2132"}],"wp:term":[{"taxonomy":"product_brand","embeddable":true,"href":"https:\/\/herbolariodecorea.es\/index.php\/wp-json\/wp\/v2\/product_brand?post=2132"},{"taxonomy":"product_cat","embeddable":true,"href":"https:\/\/herbolariodecorea.es\/index.php\/wp-json\/wp\/v2\/product_cat?post=2132"},{"taxonomy":"product_tag","embeddable":true,"href":"https:\/\/herbolariodecorea.es\/index.php\/wp-json\/wp\/v2\/product_tag?post=2132"}],"curies":[{"name":"wp","href":"https:\/\/api.w.org\/{rel}","templated":true}]}}