{"id":2134,"date":"2025-11-14T14:54:00","date_gmt":"2025-11-14T13:54:00","guid":{"rendered":"https:\/\/herbolariodecorea.es\/index.php\/producto\/mg-bisglicinato-b6-60-comps-natysal\/"},"modified":"2026-03-09T13:41:42","modified_gmt":"2026-03-09T12:41:42","slug":"mg-bisglicinato-b6-60-comps-natysal","status":"publish","type":"product","link":"https:\/\/herbolariodecorea.es\/index.php\/producto\/mg-bisglicinato-b6-60-comps-natysal\/","title":{"rendered":"MG BISGLICINATO + B6 60 COMPS. NATYSAL"},"content":{"rendered":"<p>El Magnesio ayuda a disminuir el cansancio y la fatiga, contribuye al equilibrio electrol\u00edtico, al metabolismo energ\u00e9tico normal, al funcionamiento normal del sistema nervioso y de los m\u00fasculos, a la s\u00edntesis proteica normal y al mantenimiento de los huesos en condiciones normales. La Vitamina B6 contribuye al metabolismo energ\u00e9tico normal, al funcionamiento normal del sistema nervioso, ayuda a disminuir el cansancio y la fatiga, contribuye al metabolismo normal de la homociste\u00edna, las prote\u00ednas y del gluc\u00f3geno y a la formaci\u00f3n normal de gl\u00f3bulos rojos.<\/p>\n","protected":false},"excerpt":{"rendered":"<p>El Magnesio ayuda a disminuir el cansancio y la fatiga, contribuye al equilibrio electrol\u00edtico, al metabolismo energ\u00e9tico normal, al funcionamiento normal del sistema nervioso y de los m\u00fasculos, a la s\u00edntesis proteica normal y al mantenimiento de los huesos en condiciones normales. La Vitamina B6 contribuye al metabolismo energ\u00e9tico normal, al funcionamiento normal del sistema nervioso, ayuda a disminuir el cansancio y la fatiga, contribuye al metabolismo normal de la homociste\u00edna, las prote\u00ednas y del gluc\u00f3geno y a la formaci\u00f3n normal de gl\u00f3bulos rojos.<\/p>\n","protected":false},"featured_media":2250,"comment_status":"open","ping_status":"closed","template":"","meta":{"_et_pb_use_builder":"","_et_pb_old_content":"","_et_gb_content_width":""},"product_brand":[],"product_cat":[17],"product_tag":[],"class_list":{"0":"post-2134","1":"product","2":"type-product","3":"status-publish","4":"has-post-thumbnail","6":"product_cat-sin-categorizar","8":"first","9":"outofstock","10":"shipping-taxable","11":"purchasable","12":"product-type-simple"},"aioseo_notices":[],"_links":{"self":[{"href":"https:\/\/herbolariodecorea.es\/index.php\/wp-json\/wp\/v2\/product\/2134","targetHints":{"allow":["GET"]}}],"collection":[{"href":"https:\/\/herbolariodecorea.es\/index.php\/wp-json\/wp\/v2\/product"}],"about":[{"href":"https:\/\/herbolariodecorea.es\/index.php\/wp-json\/wp\/v2\/types\/product"}],"replies":[{"embeddable":true,"href":"https:\/\/herbolariodecorea.es\/index.php\/wp-json\/wp\/v2\/comments?post=2134"}],"wp:featuredmedia":[{"embeddable":true,"href":"https:\/\/herbolariodecorea.es\/index.php\/wp-json\/wp\/v2\/media\/2250"}],"wp:attachment":[{"href":"https:\/\/herbolariodecorea.es\/index.php\/wp-json\/wp\/v2\/media?parent=2134"}],"wp:term":[{"taxonomy":"product_brand","embeddable":true,"href":"https:\/\/herbolariodecorea.es\/index.php\/wp-json\/wp\/v2\/product_brand?post=2134"},{"taxonomy":"product_cat","embeddable":true,"href":"https:\/\/herbolariodecorea.es\/index.php\/wp-json\/wp\/v2\/product_cat?post=2134"},{"taxonomy":"product_tag","embeddable":true,"href":"https:\/\/herbolariodecorea.es\/index.php\/wp-json\/wp\/v2\/product_tag?post=2134"}],"curies":[{"name":"wp","href":"https:\/\/api.w.org\/{rel}","templated":true}]}}