{"id":2140,"date":"2025-11-14T14:54:01","date_gmt":"2025-11-14T13:54:01","guid":{"rendered":"https:\/\/herbolariodecorea.es\/index.php\/producto\/normodigest-45-caps-derbos\/"},"modified":"2025-11-27T14:28:15","modified_gmt":"2025-11-27T13:28:15","slug":"normodigest-45-caps-derbos","status":"publish","type":"product","link":"https:\/\/herbolariodecorea.es\/index.php\/producto\/normodigest-45-caps-derbos\/","title":{"rendered":"NORMODIGEST 45 C\u00c1PS. DERB\u00d3S"},"content":{"rendered":"<p>Normodigest de Derbos es un complemento alimenticio en c\u00e1psulas que contiene Probi\u00f3ticos e Inulina de Topinambur. Est\u00e1 indicado para el buen funcionamiento digestivo e intestinal. Normodigest combina su aporte nutricional con las acciones de un probi\u00f3tico. De esta forma, no solo ofrece bacterias \u00e1cido l\u00e1cticas, sino que garantiza su supervivencia en el est\u00f3mago para que pueda contribuir al buen funcionamiento digestivo e intestinal. Normodigest es un complemento que regenera la flora intestinal, la repuebla y esto contribuye a mejorar la asimilaci\u00f3n de los alimentos.<\/p>\n","protected":false},"excerpt":{"rendered":"<p>Normodigest de Derbos es un complemento alimenticio en c\u00e1psulas que contiene Probi\u00f3ticos e Inulina de Topinambur. Est\u00e1 indicado para el buen funcionamiento digestivo e intestinal. Normodigest combina su aporte nutricional con las acciones de un probi\u00f3tico. De esta forma, no solo ofrece bacterias \u00e1cido l\u00e1cticas, sino que garantiza su supervivencia en el est\u00f3mago para que pueda contribuir al buen funcionamiento digestivo e intestinal. Normodigest es un complemento que regenera la flora intestinal, la repuebla y esto contribuye a mejorar la asimilaci\u00f3n de los alimentos.<\/p>\n","protected":false},"featured_media":2248,"comment_status":"open","ping_status":"closed","template":"","meta":{"_et_pb_use_builder":"","_et_pb_old_content":"","_et_gb_content_width":""},"product_brand":[],"product_cat":[17],"product_tag":[],"class_list":{"0":"post-2140","1":"product","2":"type-product","3":"status-publish","4":"has-post-thumbnail","6":"product_cat-sin-categorizar","8":"first","9":"instock","10":"shipping-taxable","11":"purchasable","12":"product-type-simple"},"aioseo_notices":[],"_links":{"self":[{"href":"https:\/\/herbolariodecorea.es\/index.php\/wp-json\/wp\/v2\/product\/2140","targetHints":{"allow":["GET"]}}],"collection":[{"href":"https:\/\/herbolariodecorea.es\/index.php\/wp-json\/wp\/v2\/product"}],"about":[{"href":"https:\/\/herbolariodecorea.es\/index.php\/wp-json\/wp\/v2\/types\/product"}],"replies":[{"embeddable":true,"href":"https:\/\/herbolariodecorea.es\/index.php\/wp-json\/wp\/v2\/comments?post=2140"}],"wp:featuredmedia":[{"embeddable":true,"href":"https:\/\/herbolariodecorea.es\/index.php\/wp-json\/wp\/v2\/media\/2248"}],"wp:attachment":[{"href":"https:\/\/herbolariodecorea.es\/index.php\/wp-json\/wp\/v2\/media?parent=2140"}],"wp:term":[{"taxonomy":"product_brand","embeddable":true,"href":"https:\/\/herbolariodecorea.es\/index.php\/wp-json\/wp\/v2\/product_brand?post=2140"},{"taxonomy":"product_cat","embeddable":true,"href":"https:\/\/herbolariodecorea.es\/index.php\/wp-json\/wp\/v2\/product_cat?post=2140"},{"taxonomy":"product_tag","embeddable":true,"href":"https:\/\/herbolariodecorea.es\/index.php\/wp-json\/wp\/v2\/product_tag?post=2140"}],"curies":[{"name":"wp","href":"https:\/\/api.w.org\/{rel}","templated":true}]}}