{"id":2148,"date":"2025-11-14T14:54:02","date_gmt":"2025-11-14T13:54:02","guid":{"rendered":"https:\/\/herbolariodecorea.es\/index.php\/producto\/probiotics-flora-defensas-20-caps-drasanvi\/"},"modified":"2025-11-27T14:37:35","modified_gmt":"2025-11-27T13:37:35","slug":"probiotics-flora-defensas-20-caps-drasanvi","status":"publish","type":"product","link":"https:\/\/herbolariodecorea.es\/index.php\/producto\/probiotics-flora-defensas-20-caps-drasanvi\/","title":{"rendered":"PROBIOTICS FLORA + DEFENSAS 20 C\u00c1PS. DRASANVI"},"content":{"rendered":"<p>Descubre \u00abProbiotics Flora&amp;Defensas\u00bb de Drasanvi, tu aliado para una salud digestiva \u00f3ptima. Cada c\u00e1psula contiene 25 mil millones de UFC de probi\u00f3ticos seleccionados minuciosamente: Bifidobacterium lactis, Lactobacillus rhamnosus y Lactobacillus plantarum. Estas cepas est\u00e1n espec\u00edficamente dise\u00f1adas para promover la salud intestinal, siendo resistentes a las condiciones del organismo, asegurando su eficacia donde m\u00e1s se necesita. Con Probiotics Flora&amp;Defensas de Drasanvi, puedes confiar en una opci\u00f3n confiable y de calidad para mantener un equilibrio \u00f3ptimo en tu flora intestinal y fortalecer tu sistema inmunol\u00f3gico.<\/p>\n","protected":false},"excerpt":{"rendered":"<p>Descubre \u00abProbiotics Flora&amp;Defensas\u00bb de Drasanvi, tu aliado para una salud digestiva \u00f3ptima. Cada c\u00e1psula contiene 25 mil millones de UFC de probi\u00f3ticos seleccionados minuciosamente: Bifidobacterium lactis, Lactobacillus rhamnosus y Lactobacillus plantarum. Estas cepas est\u00e1n espec\u00edficamente dise\u00f1adas para promover la salud intestinal, siendo resistentes a las condiciones del organismo, asegurando su eficacia donde m\u00e1s se necesita. Con Probiotics Flora&amp;Defensas de Drasanvi, puedes confiar en una opci\u00f3n confiable y de calidad para mantener un equilibrio \u00f3ptimo en tu flora intestinal y fortalecer tu sistema inmunol\u00f3gico.<\/p>\n","protected":false},"featured_media":2257,"comment_status":"open","ping_status":"closed","template":"","meta":{"_et_pb_use_builder":"","_et_pb_old_content":"","_et_gb_content_width":""},"product_brand":[],"product_cat":[17],"product_tag":[],"class_list":{"0":"post-2148","1":"product","2":"type-product","3":"status-publish","4":"has-post-thumbnail","6":"product_cat-sin-categorizar","8":"first","9":"instock","10":"shipping-taxable","11":"purchasable","12":"product-type-simple"},"aioseo_notices":[],"_links":{"self":[{"href":"https:\/\/herbolariodecorea.es\/index.php\/wp-json\/wp\/v2\/product\/2148","targetHints":{"allow":["GET"]}}],"collection":[{"href":"https:\/\/herbolariodecorea.es\/index.php\/wp-json\/wp\/v2\/product"}],"about":[{"href":"https:\/\/herbolariodecorea.es\/index.php\/wp-json\/wp\/v2\/types\/product"}],"replies":[{"embeddable":true,"href":"https:\/\/herbolariodecorea.es\/index.php\/wp-json\/wp\/v2\/comments?post=2148"}],"wp:featuredmedia":[{"embeddable":true,"href":"https:\/\/herbolariodecorea.es\/index.php\/wp-json\/wp\/v2\/media\/2257"}],"wp:attachment":[{"href":"https:\/\/herbolariodecorea.es\/index.php\/wp-json\/wp\/v2\/media?parent=2148"}],"wp:term":[{"taxonomy":"product_brand","embeddable":true,"href":"https:\/\/herbolariodecorea.es\/index.php\/wp-json\/wp\/v2\/product_brand?post=2148"},{"taxonomy":"product_cat","embeddable":true,"href":"https:\/\/herbolariodecorea.es\/index.php\/wp-json\/wp\/v2\/product_cat?post=2148"},{"taxonomy":"product_tag","embeddable":true,"href":"https:\/\/herbolariodecorea.es\/index.php\/wp-json\/wp\/v2\/product_tag?post=2148"}],"curies":[{"name":"wp","href":"https:\/\/api.w.org\/{rel}","templated":true}]}}