{"id":2153,"date":"2025-11-14T14:54:04","date_gmt":"2025-11-14T13:54:04","guid":{"rendered":"https:\/\/herbolariodecorea.es\/index.php\/producto\/sleepsor-c-55-50ml-soria-natural\/"},"modified":"2025-11-27T14:40:34","modified_gmt":"2025-11-27T13:40:34","slug":"sleepsor-c-55-50ml-soria-natural","status":"publish","type":"product","link":"https:\/\/herbolariodecorea.es\/index.php\/producto\/sleepsor-c-55-50ml-soria-natural\/","title":{"rendered":"SLEEPSOR C-55 50ML SORIA NATURAL"},"content":{"rendered":"<p>Insomnio por estr\u00e9s. Mezcla de extractos de ashwagandha y valeriana, con melatonina, zinc y vitamina B6. La ashwagandha y la valeriana contribuyen a la relajaci\u00f3n \u00f3ptima. La melatonina contribuye a la reducci\u00f3n del tiempo necesario para conciliar el sue\u00f1o. El efecto beneficioso se obtiene con una ingesta de 1 mg de melatonina poco antes de irse a dormir.<\/p>\n","protected":false},"excerpt":{"rendered":"<p>Insomnio por estr\u00e9s. Mezcla de extractos de ashwagandha y valeriana, con melatonina, zinc y vitamina B6. La ashwagandha y la valeriana contribuyen a la relajaci\u00f3n \u00f3ptima. La melatonina contribuye a la reducci\u00f3n del tiempo necesario para conciliar el sue\u00f1o. El efecto beneficioso se obtiene con una ingesta de 1 mg de melatonina poco antes de irse a dormir.<\/p>\n","protected":false},"featured_media":2262,"comment_status":"open","ping_status":"closed","template":"","meta":{"_et_pb_use_builder":"","_et_pb_old_content":"","_et_gb_content_width":""},"product_brand":[],"product_cat":[17],"product_tag":[],"class_list":{"0":"post-2153","1":"product","2":"type-product","3":"status-publish","4":"has-post-thumbnail","6":"product_cat-sin-categorizar","8":"first","9":"instock","10":"shipping-taxable","11":"purchasable","12":"product-type-simple"},"aioseo_notices":[],"_links":{"self":[{"href":"https:\/\/herbolariodecorea.es\/index.php\/wp-json\/wp\/v2\/product\/2153","targetHints":{"allow":["GET"]}}],"collection":[{"href":"https:\/\/herbolariodecorea.es\/index.php\/wp-json\/wp\/v2\/product"}],"about":[{"href":"https:\/\/herbolariodecorea.es\/index.php\/wp-json\/wp\/v2\/types\/product"}],"replies":[{"embeddable":true,"href":"https:\/\/herbolariodecorea.es\/index.php\/wp-json\/wp\/v2\/comments?post=2153"}],"wp:featuredmedia":[{"embeddable":true,"href":"https:\/\/herbolariodecorea.es\/index.php\/wp-json\/wp\/v2\/media\/2262"}],"wp:attachment":[{"href":"https:\/\/herbolariodecorea.es\/index.php\/wp-json\/wp\/v2\/media?parent=2153"}],"wp:term":[{"taxonomy":"product_brand","embeddable":true,"href":"https:\/\/herbolariodecorea.es\/index.php\/wp-json\/wp\/v2\/product_brand?post=2153"},{"taxonomy":"product_cat","embeddable":true,"href":"https:\/\/herbolariodecorea.es\/index.php\/wp-json\/wp\/v2\/product_cat?post=2153"},{"taxonomy":"product_tag","embeddable":true,"href":"https:\/\/herbolariodecorea.es\/index.php\/wp-json\/wp\/v2\/product_tag?post=2153"}],"curies":[{"name":"wp","href":"https:\/\/api.w.org\/{rel}","templated":true}]}}