{"id":2159,"date":"2025-11-14T14:54:06","date_gmt":"2025-11-14T13:54:06","guid":{"rendered":"https:\/\/herbolariodecorea.es\/index.php\/producto\/vitamina-b12-methylco-1000-mcg-60-comps-subl-kal\/"},"modified":"2025-11-27T14:44:44","modified_gmt":"2025-11-27T13:44:44","slug":"vitamina-b12-methylco-1000-mcg-60-comps-subl-kal","status":"publish","type":"product","link":"https:\/\/herbolariodecorea.es\/index.php\/producto\/vitamina-b12-methylco-1000-mcg-60-comps-subl-kal\/","title":{"rendered":"VITAMINA B12 METHYLCO 1000 MCG 60 COMPS. SUBL. KAL"},"content":{"rendered":"<p>Methylcobalmin de Kal aporta la forma metab\u00f3licamente activa de la vitamina B12 (conocida como coenzima B12) en comprimidos sublinguales. La forma metab\u00f3licamente activa de la vitamina B12 es la coenzima B12, tambi\u00e9n conocida como metilcobalamina. La vitamina B12 tiene un importante papel en la prevenci\u00f3n y tratamiento de la anemia, ya que favorece la absorci\u00f3n del hierro de los alimentos y es esencial para que el \u00e1cido f\u00f3lico se utilice correctamente en el organismo. Contribuye a un buen estado del sistema cardiovascular, ya que participa en la trasformaci\u00f3n de la homociste\u00edna, con actividad aterog\u00e9nica, en los amino\u00e1cidos metionina y cistati\u00f3n. Tambi\u00e9n es importante para la salud del sistema nervioso central, por estar implicada en la s\u00edntesis de neurotransmisores como la adrenalina y de la capa de mielina de las neuronas.<\/p>\n","protected":false},"excerpt":{"rendered":"<p>Methylcobalmin de Kal aporta la forma metab\u00f3licamente activa de la vitamina B12 (conocida como coenzima B12) en comprimidos sublinguales. La forma metab\u00f3licamente activa de la vitamina B12 es la coenzima B12, tambi\u00e9n conocida como metilcobalamina. La vitamina B12 tiene un importante papel en la prevenci\u00f3n y tratamiento de la anemia, ya que favorece la absorci\u00f3n del hierro de los alimentos y es esencial para que el \u00e1cido f\u00f3lico se utilice correctamente en el organismo. Contribuye a un buen estado del sistema cardiovascular, ya que participa en la trasformaci\u00f3n de la homociste\u00edna, con actividad aterog\u00e9nica, en los amino\u00e1cidos metionina y cistati\u00f3n. Tambi\u00e9n es importante para la salud del sistema nervioso central, por estar implicada en la s\u00edntesis de neurotransmisores como la adrenalina y de la capa de mielina de las neuronas.<\/p>\n","protected":false},"featured_media":2268,"comment_status":"open","ping_status":"closed","template":"","meta":{"_et_pb_use_builder":"","_et_pb_old_content":"","_et_gb_content_width":""},"product_brand":[],"product_cat":[17],"product_tag":[],"class_list":{"0":"post-2159","1":"product","2":"type-product","3":"status-publish","4":"has-post-thumbnail","6":"product_cat-sin-categorizar","8":"first","9":"instock","10":"shipping-taxable","11":"purchasable","12":"product-type-simple"},"aioseo_notices":[],"_links":{"self":[{"href":"https:\/\/herbolariodecorea.es\/index.php\/wp-json\/wp\/v2\/product\/2159","targetHints":{"allow":["GET"]}}],"collection":[{"href":"https:\/\/herbolariodecorea.es\/index.php\/wp-json\/wp\/v2\/product"}],"about":[{"href":"https:\/\/herbolariodecorea.es\/index.php\/wp-json\/wp\/v2\/types\/product"}],"replies":[{"embeddable":true,"href":"https:\/\/herbolariodecorea.es\/index.php\/wp-json\/wp\/v2\/comments?post=2159"}],"wp:featuredmedia":[{"embeddable":true,"href":"https:\/\/herbolariodecorea.es\/index.php\/wp-json\/wp\/v2\/media\/2268"}],"wp:attachment":[{"href":"https:\/\/herbolariodecorea.es\/index.php\/wp-json\/wp\/v2\/media?parent=2159"}],"wp:term":[{"taxonomy":"product_brand","embeddable":true,"href":"https:\/\/herbolariodecorea.es\/index.php\/wp-json\/wp\/v2\/product_brand?post=2159"},{"taxonomy":"product_cat","embeddable":true,"href":"https:\/\/herbolariodecorea.es\/index.php\/wp-json\/wp\/v2\/product_cat?post=2159"},{"taxonomy":"product_tag","embeddable":true,"href":"https:\/\/herbolariodecorea.es\/index.php\/wp-json\/wp\/v2\/product_tag?post=2159"}],"curies":[{"name":"wp","href":"https:\/\/api.w.org\/{rel}","templated":true}]}}