{"id":2164,"date":"2025-11-14T14:54:07","date_gmt":"2025-11-14T13:54:07","guid":{"rendered":"https:\/\/herbolariodecorea.es\/index.php\/producto\/vitamina-d3-vitahelp-4000ui-120-caps-marnys\/"},"modified":"2025-11-27T14:50:44","modified_gmt":"2025-11-27T13:50:44","slug":"vitamina-d3-vitahelp-4000ui-120-caps-marnys","status":"publish","type":"product","link":"https:\/\/herbolariodecorea.es\/index.php\/producto\/vitamina-d3-vitahelp-4000ui-120-caps-marnys\/","title":{"rendered":"VITAMINA D3 VITAHELP 4000UI 120 C\u00c1PS. MARNYS"},"content":{"rendered":"<p>La Vitamina D3 4000 UI de la L\u00ednea VITAHELP de MARNYS, aporta un contenido de 100 ?g (4000 UI), en formato c\u00e1psulas de f\u00e1cil degluci\u00f3n. La forma de la vitamina D en esta Vitamina D3 4000 UI es la forma D3 (colecalciferol), la fuente de la vitamina D de esta Vitamina D3 4000 UI es la lanolina (origen animal). Modo de empleo: 1 al d\u00eda<\/p>\n","protected":false},"excerpt":{"rendered":"<p>La Vitamina D3 4000 UI de la L\u00ednea VITAHELP de MARNYS, aporta un contenido de 100 ?g (4000 UI), en formato c\u00e1psulas de f\u00e1cil degluci\u00f3n. La forma de la vitamina D en esta Vitamina D3 4000 UI es la forma D3 (colecalciferol), la fuente de la vitamina D de esta Vitamina D3 4000 UI es la lanolina (origen animal). Modo de empleo: 1 al d\u00eda<\/p>\n","protected":false},"featured_media":2273,"comment_status":"open","ping_status":"closed","template":"","meta":{"_et_pb_use_builder":"","_et_pb_old_content":"","_et_gb_content_width":""},"product_brand":[],"product_cat":[17],"product_tag":[],"class_list":{"0":"post-2164","1":"product","2":"type-product","3":"status-publish","4":"has-post-thumbnail","6":"product_cat-sin-categorizar","8":"first","9":"instock","10":"shipping-taxable","11":"purchasable","12":"product-type-simple"},"aioseo_notices":[],"_links":{"self":[{"href":"https:\/\/herbolariodecorea.es\/index.php\/wp-json\/wp\/v2\/product\/2164","targetHints":{"allow":["GET"]}}],"collection":[{"href":"https:\/\/herbolariodecorea.es\/index.php\/wp-json\/wp\/v2\/product"}],"about":[{"href":"https:\/\/herbolariodecorea.es\/index.php\/wp-json\/wp\/v2\/types\/product"}],"replies":[{"embeddable":true,"href":"https:\/\/herbolariodecorea.es\/index.php\/wp-json\/wp\/v2\/comments?post=2164"}],"wp:featuredmedia":[{"embeddable":true,"href":"https:\/\/herbolariodecorea.es\/index.php\/wp-json\/wp\/v2\/media\/2273"}],"wp:attachment":[{"href":"https:\/\/herbolariodecorea.es\/index.php\/wp-json\/wp\/v2\/media?parent=2164"}],"wp:term":[{"taxonomy":"product_brand","embeddable":true,"href":"https:\/\/herbolariodecorea.es\/index.php\/wp-json\/wp\/v2\/product_brand?post=2164"},{"taxonomy":"product_cat","embeddable":true,"href":"https:\/\/herbolariodecorea.es\/index.php\/wp-json\/wp\/v2\/product_cat?post=2164"},{"taxonomy":"product_tag","embeddable":true,"href":"https:\/\/herbolariodecorea.es\/index.php\/wp-json\/wp\/v2\/product_tag?post=2164"}],"curies":[{"name":"wp","href":"https:\/\/api.w.org\/{rel}","templated":true}]}}