{"id":2166,"date":"2025-11-14T14:54:07","date_gmt":"2025-11-14T13:54:07","guid":{"rendered":"https:\/\/herbolariodecorea.es\/index.php\/producto\/vitalossea-dolfree-30-caps-derbos\/"},"modified":"2025-11-27T14:52:16","modified_gmt":"2025-11-27T13:52:16","slug":"vitalossea-dolfree-30-caps-derbos","status":"publish","type":"product","link":"https:\/\/herbolariodecorea.es\/index.php\/producto\/vitalossea-dolfree-30-caps-derbos\/","title":{"rendered":"VITALOSSEA DOLFREE 30 C\u00c1PS. DERB\u00d3S"},"content":{"rendered":"<p>Dolfree Vitalossea de Derb\u00f3s es un complemento alimenticio\u00a0recomendado para el tratamiento de choque para dolor intenso o dolor moderado continuado. Complemento alimenticio en comprimidos con manganeso, MSM, c\u00farcuma, extracto seco de harpagofito, boswellia y probi\u00f3ticos. Recomendado para el tratamiento de choque para dolor intenso o dolor moderado continuado. Est\u00e1 indicado para deportistas, personas mayores o cualquiera que tiene un problema con sus articulaciones, sino tambi\u00e9n porque nos hacen sentir bien por dentro y por fuera.<\/p>\n","protected":false},"excerpt":{"rendered":"<p>Dolfree Vitalossea de Derb\u00f3s es un complemento alimenticio\u00a0recomendado para el tratamiento de choque para dolor intenso o dolor moderado continuado. Complemento alimenticio en comprimidos con manganeso, MSM, c\u00farcuma, extracto seco de harpagofito, boswellia y probi\u00f3ticos. Recomendado para el tratamiento de choque para dolor intenso o dolor moderado continuado. Est\u00e1 indicado para deportistas, personas mayores o cualquiera que tiene un problema con sus articulaciones, sino tambi\u00e9n porque nos hacen sentir bien por dentro y por fuera.<\/p>\n","protected":false},"featured_media":2275,"comment_status":"open","ping_status":"closed","template":"","meta":{"_et_pb_use_builder":"","_et_pb_old_content":"","_et_gb_content_width":""},"product_brand":[],"product_cat":[17],"product_tag":[],"class_list":{"0":"post-2166","1":"product","2":"type-product","3":"status-publish","4":"has-post-thumbnail","6":"product_cat-sin-categorizar","8":"first","9":"instock","10":"shipping-taxable","11":"purchasable","12":"product-type-simple"},"aioseo_notices":[],"_links":{"self":[{"href":"https:\/\/herbolariodecorea.es\/index.php\/wp-json\/wp\/v2\/product\/2166","targetHints":{"allow":["GET"]}}],"collection":[{"href":"https:\/\/herbolariodecorea.es\/index.php\/wp-json\/wp\/v2\/product"}],"about":[{"href":"https:\/\/herbolariodecorea.es\/index.php\/wp-json\/wp\/v2\/types\/product"}],"replies":[{"embeddable":true,"href":"https:\/\/herbolariodecorea.es\/index.php\/wp-json\/wp\/v2\/comments?post=2166"}],"wp:featuredmedia":[{"embeddable":true,"href":"https:\/\/herbolariodecorea.es\/index.php\/wp-json\/wp\/v2\/media\/2275"}],"wp:attachment":[{"href":"https:\/\/herbolariodecorea.es\/index.php\/wp-json\/wp\/v2\/media?parent=2166"}],"wp:term":[{"taxonomy":"product_brand","embeddable":true,"href":"https:\/\/herbolariodecorea.es\/index.php\/wp-json\/wp\/v2\/product_brand?post=2166"},{"taxonomy":"product_cat","embeddable":true,"href":"https:\/\/herbolariodecorea.es\/index.php\/wp-json\/wp\/v2\/product_cat?post=2166"},{"taxonomy":"product_tag","embeddable":true,"href":"https:\/\/herbolariodecorea.es\/index.php\/wp-json\/wp\/v2\/product_tag?post=2166"}],"curies":[{"name":"wp","href":"https:\/\/api.w.org\/{rel}","templated":true}]}}